
Is 25195 a prime number?
False
Is 191021 composite?
False
Is 1847 a prime number?
True
Is 2601713 composite?
False
Is 36111 a composite number?
True
Is 465053 composite?
True
Is 429409 a composite number?
False
Is 292681 a composite number?
True
Is 110521 prime?
False
Is 1526491 prime?
False
Is 412831 composite?
False
Is 7401 a composite number?
True
Is 137537 a prime number?
True
Is 20507 prime?
True
Is 167381 prime?
True
Is 281921 a composite number?
False
Is 3433 prime?
True
Is 21293 composite?
True
Is 588741 a prime number?
False
Is 100591 prime?
True
Is 20101 a prime number?
True
Is 1471 prime?
True
Is 34739 composite?
False
Is 50329 composite?
False
Is 322327 composite?
False
Is 21007 a composite number?
True
Is 392129 a prime number?
False
Is 349171 composite?
False
Is 312311 a composite number?
False
Is 186857 a composite number?
True
Is 104959 prime?
True
Is 8009 prime?
True
Is 704701 a prime number?
False
Is 2633 a prime number?
True
Is 164357 a composite number?
False
Is 3314843 a prime number?
False
Is 14143 prime?
True
Is 47903 a composite number?
False
Is 10938341 composite?
False
Is 563 composite?
False
Is 4012495 prime?
False
Is 114941 prime?
True
Is 14683 prime?
True
Is 12633 prime?
False
Is 353513 a composite number?
True
Is 7631 a composite number?
True
Is 4783 a prime number?
True
Is 10427 prime?
True
Is 44539 a composite number?
True
Is 305083 composite?
True
Is 64799 prime?
False
Is 1081 a composite number?
True
Is 777313 prime?
True
Is 107467 a composite number?
False
Is 109807 composite?
False
Is 216863 prime?
False
Is 13261 composite?
True
Is 23077 composite?
True
Is 400403 composite?
True
Is 600779 prime?
False
Is 2555401 a prime number?
False
Is 1080727 composite?
True
Is 38299 prime?
True
Is 131101 a composite number?
False
Is 54469 a prime number?
True
Is 800323 prime?
False
Is 2285051 a composite number?
True
Is 36026 composite?
True
Is 14786 a prime number?
False
Is 5671 prime?
False
Is 2369311 a prime number?
False
Is 5637 prime?
False
Is 971039 composite?
False
Is 180805 composite?
True
Is 2561 a prime number?
False
Is 27731 a prime number?
False
Is 1987 a prime number?
True
Is 20409 prime?
False
Is 31867 composite?
True
Is 143363 a composite number?
True
Is 55477 a composite number?
True
Is 27179 a prime number?
True
Is 175405 composite?
True
Is 59771 composite?
False
Is 108785 composite?
True
Is 2286199 a prime number?
True
Is 3113 a prime number?
False
Is 24901 prime?
False
Is 61339 a prime number?
True
Is 101129 a prime number?
False
Is 553 a composite number?
True
Is 71899 a prime number?
True
Is 6937 composite?
True
Is 153259 composite?
False
Is 26731 a composite number?
False
Is 691037 a prime number?
True
Is 117809 a prime number?
True
Is 5507 prime?
True
Is 779243 prime?
False
Is 63577 a prime number?
True
Is 8663 composite?
False
Is 86501 a prime number?
True
Is 72113 a prime number?
False
Is 1118159 a prime number?
False
Is 4327 composite?
False
Is 660449 a prime number?
True
Is 5021 a prime number?
True
Is 95 a prime number?
False
Is 359143 a prime number?
True
Is 1838347 a composite number?
True
Is 3749 prime?
False
Is 61571 a composite number?
True
Is 6857 a composite number?
False
Is 1344869 composite?
False
Is 135193 a composite number?
False
Is 13033 a composite number?
False
Is 202798 a prime number?
False
Is 1189 prime?
False
Is 1219 composite?
True
Is 1753 a prime number?
True
Is 528967 prime?
True
Is 65579 a composite number?
False
Is 7226 prime?
False
Is 38351 a composite number?
False
Is 1553 composite?
False
Is 698779 composite?
False
Is 6469 prime?
True
Is 205913 prime?
True
Is 4795157 prime?
True
Is 14591 a prime number?
True
Is 3983 composite?
True
Is 133223 prime?
False
Is 97327 a composite number?
False
Is 671083 a prime number?
False
Is 95747 prime?
True
Is 3241 a prime number?
False
Is 18623 a prime number?
False
Is 493369 composite?
False
Is 12898 composite?
True
Is 2161 a composite number?
False
Is 186103 composite?
False
Is 51981 a prime number?
False
Is 1131033 prime?
False
Is 43573 composite?
False
Is 13102 prime?
False
Is 592993 composite?
False
Is 1116937 a prime number?
True
Is 42087 a composite number?
True
Is 11357 a prime number?
False
Is 1721 a composite number?
False
Is 69547 composite?
True
Is 815123 composite?
False
Is 19531 prime?
True
Is 6131 composite?
False
Is 74894 a prime number?
False
Is 23713 composite?
True
Is 2923 a composite number?
True
Is 6947 prime?
True
Is 38543 a prime number?
True
Is 18961 a prime number?
False
Is 7817 composite?
False
Is 1162789 a prime number?
True
Is 12791 a prime number?
True
Is 171733 a prime number?
True
Is 97921 a composite number?
True
Is 2669 a composite number?
True
Is 3761 prime?
True
Is 514331 prime?
False
Is 39779 a composite number?
False
Is 9851 composite?
False
Is 43087 composite?
True
Is 518771 prime?
False
Is 83751 composite?
True
Is 193421 a composite number?
True
Is 1176509 a prime number?
True
Is 213443 a composite number?
True
Is 12739 a prime number?
True
Is 5702 prime?
False
Is 66197 prime?
False
Is 39 a prime number?
False
Is 3086 prime?
False
Is 8499 composite?
True
Is 5961 prime?
False
Is 9793 composite?
True
Is 3647 a composite number?
True
Is 41429 prime?
False
Is 4109 composite?
True
Is 3691 a prime number?
True
Is 293047 prime?
False
Is 1397546 a composite number?
True
Is 28807 a prime number?
True
Is 24749 a prime number?
True
Is 42281 prime?
True
Is 85039 a composite number?
True
Is 255031 composite?
True
Is 33185 a prime number?
False
Is 157737 a prime number?
False
Is 57919 prime?
False
Is 76091 composite?
False
Is 13211 composite?
True
Is 109651 prime?
False
Is 7477 prime?
True
Is 295741 a prime number?
False
Is 55579 a prime number?
True
Is 243471 a composite number?
True
Is 23251 prime?
True
Is 18649 a prime number?
False
Is 1266713 a prime number?
False
Is 307429 a composite number?
True
Is 803813 prime?
True
Is 16161 prime?
False
Is 102659 prime?
False
Is 75869 composite?
False
Is 147623 a prime number?
False
Is 2017 a composite number?
False
Is 820873 a composite number?
False
Is 167861 a composite number?
False
Is 4569 a composite number?
True
Is 26615 prime?
False
Is 73279 a prime number?
False
Is 856133 prime?
True
Is 172373 a composite number?
False
Is 53749 a composite number?
True
Is 72301 a prime number?
False
Is 14699 a composite number?
False
Is 1376785 composite?
True
Is 22391 a composite number?
False
Is 1247457 a prime number?
False
Is 72367 prime?
True
Is 898 a prime number?
False
Is 9601 composite?
False
Is 698627 composite?
True
Is 107549 a prime number?
False
Is 2879 composite?
False
Is 79582 a composite number?
True
Is 952349 prime?
True
Is 14371 composite?
True
Is 4721 prime?
True
Is 766553 prime?
True
Is 8039 composite?
False
Is 3994 prime?
False
Is 405793 prime?
False
Is 57533 a prime number?
False
Is 14173 composite?
False
Is 382927 prime?
False
Is 425189 composite?
False
Is 36601 composite?
True
Is 4717 composite?
True
Is 245515 a composite number?
True
Is 369647 prime?
True
Is 6749 prime?
False
Is 148021 a prime number?
True
Is 776801 composite?
False
Is 3172691 composite?
False
Is 5079 prime?
False
Is 13306 prime?
False
Is 4327 composite?
False
Is 12403 a prime number?
False
Is 35359 a prime number?
False
Is 521 a composite number?
False
Is 2741 prime?
True
Is 47303 composite?
False
Is 136879 a prime number?
True
Is 51991 a composite number?
False
Is 6373 a composite number?
False
Is 2767 a prime number?
True
Is 784831 composite?
False
Is 97135 a prime number?
False
Is 193637 composite?
True
Is 278543 prime?
True
Is 42949 prime?
False
Is 5507 a prime number?
True
Is 57119 a prime number?
True
Is 7318 a composite number?
True
Is 970603 composite?
False
Is 362321 prime?
False
Is 1805387 a composite number?
True
Is 538091 composite?
True
Is 153641 a prime number?
True
Is 35403 a prime number?
False
Is 22937 prime?
True
Is 789901 a composite number?
True
Is 25261 a composite number?
False
Is 244451 a prime number?
True
Is 35767 prime?
False
Is 59507 prime?
False
Is 43607 composite?
False
Is 3659 composite?
False
Is 458789 a composite number?
False
Is 7369 prime?
True
Is 74557 composite?
True
Is 1257619 a prime number?
False
Is 40277 a composite number?
False
Is 89891